9168?
2, 3, 11, 139627
What are the prime factors of 289248466?
2, 13, 11124941
List the prime factors of 34863296.
2, 13, 41903
What are the prime factors of 1331500839?
3, 79, 5618147
List the prime factors of 154536044.
2, 13, 19, 71, 2203
List the prime factors of 74492607.
3, 7, 23, 154229
List the prime factors of 3534560164.
2, 883640041
List the prime factors of 552310722.
2, 3, 17, 1804937
What are the prime factors of 3599789826?
2, 3, 5519, 108709
List the prime factors of 7587738591.
3, 31, 43, 1897409
List the prime factors of 383371936.
2, 97, 113, 1093
List the prime factors of 775696817.
7, 53, 2090827
What are the prime factors of 943588551?
3, 314529517
List the prime factors of 1048584871.
17, 29, 71, 1033
What are the prime factors of 1031826048?
2, 3, 11, 53, 419
List the prime factors of 45313452.
2, 3, 47, 79, 113
What are the prime factors of 31122209?
19, 1638011
List the prime factors of 43612098.
2, 3, 73, 99571
List the prime factors of 436521262.
2, 3617, 60343
What are the prime factors of 188854763?
9203, 20521
List the prime factors of 212755902.
2, 3, 71, 139, 3593
What are the prime factors of 1716998437?
7, 11, 22298681
List the prime factors of 42975377.
71, 499, 1213
List the prime factors of 21769116.
2, 3, 1069, 1697
What are the prime factors of 187765355?
5, 37553071
List the prime factors of 302802524.
2, 37, 2045963
List the prime factors of 151561944.
2, 3, 2105027
What are the prime factors of 83159433?
3, 7, 149, 2953
What are the prime factors of 5050873?
251, 20123
List the prime factors of 4680921407.
29, 307, 525769
List the prime factors of 3843614739.
3, 47, 1021, 26699
What are the prime factors of 128503336?
2, 13, 743, 1663
List the prime factors of 69994095.
3, 5, 4666273
List the prime factors of 180783827.
7, 25826261
What are the prime factors of 36366911?
7, 593, 8761
What are the prime factors of 145047411?
3, 16116379
What are the prime factors of 6948044005?
5, 7, 73, 2719391
What are the prime factors of 55371529?
19, 149, 19559
What are the prime factors of 65600532?
2, 3, 47, 137, 283
What are the prime factors of 1620575855?
5, 3391, 95581
What are the prime factors of 4818492?
2, 3, 7, 19121
What are the prime factors of 68404194?
2, 3, 37, 271, 379
List the prime factors of 652999853.
11, 89, 60637
What are the prime factors of 19029112?
2, 1153, 2063
What are the prime factors of 258908736?
2, 3, 1348483
List the prime factors of 503389333.
4253, 118361
List the prime factors of 2089003293.
3, 13, 31, 575959
List the prime factors of 13083291.
3, 13, 67, 1669
What are the prime factors of 150919121?
43, 1091, 3217
List the prime factors of 68240609.
19, 23, 156157
List the prime factors of 1070116186.
2, 535058093
What are the prime factors of 5515461894?
2, 3, 241, 263, 14503
What are the prime factors of 53723521?
53723521
List the prime factors of 2278330899.
3, 13, 58418741
What are the prime factors of 533078708?
2, 107, 191, 6521
List the prime factors of 278627753.
278627753
List the prime factors of 148185553.
10333, 14341
List the prime factors of 128798691.
3, 7, 6133271
What are the prime factors of 2705821699?
7, 89, 151, 587
What are the prime factors of 263508612?
2, 3, 21959051
What are the prime factors of 317398135?
5, 19, 3341033
List the prime factors of 1158452873.
23189, 49957
What are the prime factors of 133875826?
2, 7, 9562559
List the prime factors of 293186718.
2, 3, 11, 1480741
What are the prime factors of 191044204?
2, 13, 293, 12539
What are the prime factors of 48585166?
2, 7, 19, 97, 269
List the prime factors of 40372180.
2, 5, 37, 89, 613
What are the prime factors of 5240671002?
2, 3, 7, 127, 36389
What are the prime factors of 825616110?
2, 3, 5, 11, 593, 4219
List the prime factors of 1061594494.
2, 530797247
List the prime factors of 560308089.
3, 11, 16979033
List the prime factors of 650412665.
5, 7, 18583219
What are the prime factors of 12795286?
2, 7, 101, 9049
List the prime factors of 1418921460.
2, 3, 5, 11, 31, 23117
List the prime factors of 1343904644.
2, 335976161
List the prime factors of 138172507.
11, 83, 151339
What are the prime factors of 1151300849?
1151300849
What are the prime factors of 1592111378?
2, 11, 13, 43, 129461
List the prime factors of 1064594589.
3, 2027, 175069
What are the prime factors of 565119139?
13, 101, 127, 3389
What are the prime factors of 7900313570?
2, 5, 179, 4413583
List the prime factors of 33099821.
101, 327721
What are the prime factors of 9516896489?
1571, 6057859
List the prime factors of 621777259.
41, 15165299
List the prime factors of 136695335.
5, 7, 1531, 2551
What are the prime factors of 290007972?
2, 3, 2685259
What are the prime factors of 33487188?
2, 3, 7, 56951
What are the prime factors of 160913015?
5, 751, 42853
List the prime factors of 113185900.
2, 5, 293, 3863
What are the prime factors of 1391641906?
2, 277, 461, 5449
List the prime factors of 2492257798.
2, 1246128899
List the prime factors of 44219800.
2, 5, 23, 9613
What are the prime factors of 2646220666?
2, 113, 487, 24043
List the prime factors of 78660436.
2, 19665109
What are the prime factors of 612675235?
5, 19, 6449213
What are the prime factors of 524659594?
2, 262329797
List the prime factors of 1855981762.
2, 59, 191, 82349
What are the prime factors of 32356736?
2, 449, 563
List the prime factors of 877680369.
3, 17, 67, 85619
List the prime factors of 84053248.
2, 328333
List the prime factors of 16665758.
2, 8332879
What are the prime factors of 760652219?
103, 1823, 4051
List the prime factors of 1396043321.
1303, 1071407
List the prime factors of 201660281.
19, 2029, 5231
List the prime factors of 588509774.
2, 17, 53, 19211
List the prime factors of 63494375.
5, 7, 23, 631
What are the prime factors of 22344813?
3, 2482757
List the prime factors of 503224504.
2, 257, 244759
List the prime factors of 153617993.
153617993
List the prime factors of 551063573.
22567, 24419
List the prime factors of 83588586.
2, 3, 31, 41, 97, 113
What are the prime factors of 15032277?
3, 13, 113, 379
List the prime factors of 1646056806.
2, 3, 274342801
List the prime factors of 448144277.
7, 31, 2065181
List the prime factors of 169328739.
3, 157, 359509
What are the prime factors of 24272235?
3, 5, 13, 41491
List the prime factors of 9714610.
2, 5, 113, 8597
What are the prime factors of 65588703?
3, 17, 19, 113, 599
List the prime factors of 2701838697.
3, 31, 73, 397973
List the prime factors of 51948034.
2, 25974017
List the prime factors of 20858339.
20858339
List the prime factors of 1248578373.
3, 7, 59456113
List the prime factors of 55363150.
2, 5, 19, 101, 577
What are the prime factors of 1027426504?
2, 13, 9879101
What are the prime factors of 32593632?
2, 3, 339517
What are the prime factors of 5718063937?
479, 11937503
List the prime factors of 419377404.
2, 3, 71, 492227
What are the prime factors of 5039666247?
3, 7, 11, 1733, 12589
What are the prime factors of 349668722?
2, 13, 37, 363481
List the prime factors of 6203313466.
2, 7, 31, 291701
What are the prime factors of 3176936021?
7, 19, 3412391
What are the prime factors of 118883062?
2, 59441531
What are the prime factors of 835767452?
2, 13, 41, 392011
What are the prime factors of 1092914269?
31, 35255299
What are the prime factors of 3746828703?
3, 17467, 71503
List the prime factors of 64934257.
43, 71, 21269
What are the prime factors of 177274452?
2, 3, 14772871
What are the prime factors of 272312918?
2, 3079, 44221
List the prime factors of 4198052947.
11, 17, 463, 48487
What are the prime factors of 1540787664?
2, 3, 13, 23, 107357
List the prime factors of 725506613.
13, 71, 786031
What are the prime factors of 126770238?
2, 3, 7, 151, 2221
What are the prime factors of 65348485?
5, 127, 102911
What are the prime factors of 2882036870?
2, 5, 288203687
List the prime factors of 43098009.
3, 17, 179, 4721
List the prime factors of 653373497.
7, 1904879
What are the prime factors of 2928762837?
3, 7, 11, 13, 325093
List the prime factors of 6799462.
2, 3399731
What are the prime factors of 3768077130?
2, 3, 5, 1229, 102199
List the prime factors of 226207330.
2, 5, 149, 151817
What are the prime factors of 2536652436?
2, 3, 2113